are the prime factors of 258096?
2, 3, 19, 283
What are the prime factors of 3232873?
7, 17, 3881
What are the prime factors of 155516?
2, 17, 2287
What are the prime factors of 236718?
2, 3, 13151
What are the prime factors of 1998264?
2, 3, 139, 599
List the prime factors of 1331077.
11, 121007
What are the prime factors of 96144?
2, 3, 2003
What are the prime factors of 22016838?
2, 3, 3669473
List the prime factors of 240701.
240701
List the prime factors of 12608065.
5, 2521613
List the prime factors of 487135.
5, 11, 17, 521
What are the prime factors of 7157621?
31, 230891
List the prime factors of 19438439.
29, 53, 12647
List the prime factors of 4864579.
191, 25469
What are the prime factors of 29730150?
2, 3, 5, 66067
List the prime factors of 278484.
2, 3, 23, 1009
List the prime factors of 1417434.
2, 3, 101, 2339
List the prime factors of 5741278.
2, 53, 54163
What are the prime factors of 32070?
2, 3, 5, 1069
List the prime factors of 1707420.
2, 3, 5, 11, 13, 199
List the prime factors of 3617122.
2, 1808561
What are the prime factors of 386928?
2, 3, 2687
List the prime factors of 4138950.
2, 3, 5, 41, 673
What are the prime factors of 29059888?
2, 11, 13, 977
List the prime factors of 6011791.
313, 19207
What are the prime factors of 387993?
3, 283, 457
List the prime factors of 2239943.
37, 60539
What are the prime factors of 278586?
2, 3, 7, 11, 67
What are the prime factors of 3629038?
2, 7, 19, 1949
What are the prime factors of 4506440?
2, 5, 113, 997
List the prime factors of 2936203.
19, 23, 6719
List the prime factors of 3649329.
3, 71, 5711
List the prime factors of 20998064.
2, 1312379
What are the prime factors of 135870?
2, 3, 5, 7, 647
List the prime factors of 1454810.
2, 5, 7, 2969
What are the prime factors of 696569?
696569
What are the prime factors of 184626?
2, 3, 13, 263
What are the prime factors of 23929616?
2, 1495601
List the prime factors of 3464347.
37, 109, 859
List the prime factors of 95413.
95413
List the prime factors of 26849253.
3, 89, 100559
What are the prime factors of 15613368?
2, 3, 29, 22433
What are the prime factors of 1500196?
2, 375049
What are the prime factors of 62927?
62927
List the prime factors of 1531330.
2, 5, 153133
What are the prime factors of 3572638?
2, 89, 20071
What are the prime factors of 185944?
2, 11, 2113
List the prime factors of 910224.
2, 3, 7, 43
What are the prime factors of 96805?
5, 19, 1019
What are the prime factors of 550884?
2, 3, 29, 1583
What are the prime factors of 2046757?
43, 47599
List the prime factors of 4703320.
2, 5, 31, 3793
What are the prime factors of 790992?
2, 3, 1831
What are the prime factors of 19817817?
3, 19, 29, 631
List the prime factors of 344926.
2, 19, 29, 313
What are the prime factors of 629203?
629203
List the prime factors of 2229415.
5, 445883
What are the prime factors of 791276?
2, 337, 587
What are the prime factors of 782180?
2, 5, 7, 37, 151
List the prime factors of 421832.
2, 67, 787
What are the prime factors of 502930?
2, 5, 19, 2647
What are the prime factors of 209052?
2, 3, 5807
What are the prime factors of 6766692?
2, 3, 23, 24517
List the prime factors of 2065057.
211, 9787
What are the prime factors of 17353873?
1237, 14029
List the prime factors of 4781144.
2, 597643
What are the prime factors of 6403990?
2, 5, 43, 53, 281
List the prime factors of 1754374.
2, 877187
What are the prime factors of 303094?
2, 11, 23, 599
What are the prime factors of 696608?
2, 11, 1979
What are the prime factors of 1224421?
11, 79, 1409
List the prime factors of 507124.
2, 126781
What are the prime factors of 1518657?
3, 7, 10331
List the prime factors of 1781478.
2, 3, 19, 5209
List the prime factors of 7497217.
7, 13, 82387
What are the prime factors of 467744?
2, 47, 311
What are the prime factors of 873856?
2, 6827
What are the prime factors of 344093?
163, 2111
What are the prime factors of 188018?
2, 94009
What are the prime factors of 1363266?
2, 3, 53, 1429
What are the prime factors of 3564050?
2, 5, 7, 17, 599
What are the prime factors of 3643518?
2, 3, 607253
What are the prime factors of 1882816?
2, 13, 31, 73
What are the prime factors of 388388?
2, 7, 11, 13, 97
List the prime factors of 2891837.
13, 181, 1229
List the prime factors of 6008908.
2, 1502227
What are the prime factors of 6051709?
19, 233, 1367
What are the prime factors of 2353932?
2, 3, 7, 9341
List the prime factors of 16867733.
16867733
List the prime factors of 1614265.
5, 499, 647
What are the prime factors of 412692?
2, 3, 7, 17
What are the prime factors of 30118648?
2, 7, 19, 28307
What are the prime factors of 840920?
2, 5, 21023
What are the prime factors of 3117247?
7, 445321
What are the prime factors of 1464221?
11, 12101
What are the prime factors of 21622547?
4201, 5147
List the prime factors of 1164458.
2, 331, 1759
List the prime factors of 333593.
13, 67, 383
List the prime factors of 4529855.
5, 11, 82361
List the prime factors of 151440.
2, 3, 5, 631
What are the prime factors of 156742?
2, 109, 719
List the prime factors of 10968227.
61, 179807
List the prime factors of 29950059.
3, 43, 232171
What are the prime factors of 7569378?
2, 3, 420521
List the prime factors of 2541669.
3, 13, 65171
What are the prime factors of 155308?
2, 41, 947
List the prime factors of 329565.
3, 5, 127, 173
What are the prime factors of 256599?
3, 7, 4073
List the prime factors of 928025.
5, 7, 5303
List the prime factors of 856655.
5, 73, 2347
List the prime factors of 276708.
2, 3, 23059
List the prime factors of 266473.
439, 607
What are the prime factors of 313800?
2, 3, 5, 523
List the prime factors of 1602250.
2, 5, 13, 17, 29
List the prime factors of 2416376.
2, 41, 53, 139
What are the prime factors of 10334137?
11, 37, 25391
List the prime factors of 4008821.
17, 235813
What are the prime factors of 1383587?
283, 4889
List the prime factors of 363634.
2, 113, 1609
What are the prime factors of 110476?
2, 71, 389
What are the prime factors of 801833?
801833
List the prime factors of 524331.
3, 17, 23, 149
List the prime factors of 214831.
214831
What are the prime factors of 294235?
5, 83, 709
List the prime factors of 149457.
3, 7, 11, 647
List the prime factors of 14347380.
2, 3, 5, 43, 67, 83
What are the prime factors of 10241491?
13, 787807
List the prime factors of 492297.
3, 13, 971
List the prime factors of 426216.
2, 3, 7, 43, 59
What are the prime factors of 302679?
3, 13, 199
List the prime factors of 67660.
2, 5, 17, 199
What are the prime factors of 1323020?
2, 5, 83, 797
What are the prime factors of 3262317?
3, 17, 47, 1361
What are the prime factors of 19420363?
2531, 7673
List the prime factors of 7180776.
2, 3, 99733
What are the prime factors of 1818081?
3, 23, 8783
List the prime factors of 5960083.
5960083
What are the prime factors of 840615?
3, 5, 56041
What are the prime factors of 73975?
5, 11, 269
List the prime factors of 612628.
2, 23, 6659
List the prime factors of 546794.
2, 131, 2087
List the prime factors of 2529101.
2529101
What are the prime factors of 227914?
2, 113957
What are the prime factors of 601882?
2, 19, 47, 337
List the prime factors of 10973043.
3, 47, 8647
What are the prime factors of 2180108?
2, 7, 227
List the prime factors of 215315.
5, 43063
List the prime factors of 608683.
71, 8573
List the prime factors of 230723.
47, 4909
List the prime factors of 426126.
2, 3, 29, 31, 79
What are the prime factors of 76800?
2, 3, 5
What are the prime factors of 388451?
7, 211, 263
List the prime factors of 496021.
149, 3329
List the prime factors of 6336582.
2, 3, 7, 3079
What are the prime factors of 568757?
7, 31, 2621
List the prime factors of 2577574.
2, 17, 47, 1613
List the prime factors of 3046537.
13, 29, 8081
List the prime factors of 9942220.
2, 5, 497111
List the prime factors of 602830.
2, 5, 23, 2621
What are the prime factors of 888031?
151, 5881
What are the prime factors of 7010124?
2, 3, 11, 23, 2309
List the prime factors of 2973806.
2, 11, 135173
What are the prime factors of 3189322?
2, 1594661
List the prime factors of 738638.
2, 369319
List the prime factors of 148037.
37, 4001
What are the prime factors of 1505940?
2, 3, 5, 19, 1321
What are the prime factors of 15099